6859 composite?
False
Is 7987818269 a prime number?
True
Is 675310151 a composite number?
True
Is 7092910549 prime?
False
Is 56105177 a composite number?
True
Is 9292422149 a prime number?
True
Is 16323447337 prime?
True
Is 3595156403 a prime number?
True
Is 9454348213 a prime number?
True
Is 5463106419 a prime number?
False
Is 53809772353 a composite number?
False
Is 4308519877 composite?
False
Is 1275212201 prime?
True
Is 2331660707 prime?
False
Is 17215767343 a prime number?
True
Is 118434181883 composite?
True
Is 30532813 prime?
False
Is 3425370397 composite?
False
Is 306317257 composite?
True
Is 1241559479 a prime number?
False
Is 1066301893 a composite number?
False
Is 26303229143 a prime number?
True
Is 33406563314 a prime number?
False
Is 2064072871 a composite number?
True
Is 19940855743 a prime number?
False
Is 12893207651 composite?
False
Is 940439297 prime?
False
Is 1767699919 a prime number?
False
Is 1193050291 a prime number?
True
Is 267171173 composite?
False
Is 73938194831 prime?
False
Is 5571025973 a composite number?
True
Is 71341277 composite?
True
Is 1894978493 a composite number?
True
Is 32913165293 composite?
False
Is 67514029967 composite?
False
Is 191819729 a prime number?
False
Is 272308229 a composite number?
True
Is 4998175271 a composite number?
True
Is 7455181 a composite number?
True
Is 1753121071 a composite number?
True
Is 151919869 a composite number?
True
Is 21287876831 composite?
True
Is 9753940577 a prime number?
True
Is 95519287 a prime number?
False
Is 57396571681 composite?
True
Is 5187213445 a prime number?
False
Is 110979327259 composite?
False
Is 683872577 prime?
False
Is 1319825453 composite?
False
Is 753664123 prime?
True
Is 20034657443 a composite number?
False
Is 7019476733 a composite number?
True
Is 4746749431 a prime number?
True
Is 637103651 a composite number?
False
Is 613374767 a composite number?
True
Is 39859242011 composite?
True
Is 87410111 a prime number?
False
Is 67437544363 a prime number?
False
Is 3268029719 a composite number?
True
Is 243322447 a prime number?
False
Is 504040249 composite?
True
Is 56646905489 a composite number?
False
Is 4278274303 a prime number?
False
Is 1789333841 composite?
False
Is 715990841 a composite number?
False
Is 18416355103 prime?
False
Is 314778439 composite?
False
Is 1244499797 prime?
False
Is 16825238909 a composite number?
True
Is 39072482209 a composite number?
False
Is 11788439333 a prime number?
False
Is 779817791 a composite number?
False
Is 36645237989 composite?
False
Is 15496350161 a prime number?
True
Is 45327571243 prime?
True
Is 605307673 prime?
True
Is 154267987 a prime number?
False
Is 690656119 a composite number?
False
Is 175152131819 composite?
True
Is 125214751733 a prime number?
False
Is 1270302299 prime?
False
Is 8166949837 a composite number?
False
Is 592965157 a composite number?
True
Is 3924403027 composite?
True
Is 1190937857 composite?
False
Is 53080837 a composite number?
False
Is 16579345661 composite?
True
Is 84898013 a prime number?
True
Is 2197854103 composite?
False
Is 4244462749 composite?
True
Is 12056751293 prime?
True
Is 11787589127 composite?
False
Is 7508818453 composite?
False
Is 481673459 a composite number?
True
Is 16421886849 a composite number?
True
Is 5866388797 a prime number?
True
Is 2716652621 prime?
True
Is 2032086809 composite?
True
Is 11969794289 prime?
True
Is 57717228293 a prime number?
False
Is 18101524021 prime?
False
Is 318161087 composite?
False
Is 76199159 a prime number?
True
Is 8011837829 composite?
False
Is 12647876159 composite?
True
Is 7201389887 a prime number?
True
Is 501444217 a composite number?
True
Is 2289570439 prime?
False
Is 82047815639 a composite number?
False
Is 17988632009 a composite number?
False
Is 86473711 a composite number?
False
Is 2741449306 a composite number?
True
Is 159195324061 a composite number?
False
Is 140453279453 a prime number?
True
Is 737719477 prime?
False
Is 1091548477 a prime number?
False
Is 4708229937 a prime number?
False
Is 1242352903 a composite number?
True
Is 391557917 a prime number?
False
Is 2046923357 composite?
False
Is 5104774427 a composite number?
False
Is 100642658087 prime?
False
Is 108951481 composite?
False
Is 143932559 prime?
False
Is 41912021407 a prime number?
False
Is 256593977 a prime number?
False
Is 6877791521 prime?
True
Is 628426961 composite?
False
Is 1059944309 a composite number?
False
Is 155592757 a prime number?
True
Is 1165107509 composite?
True
Is 2422573817 a composite number?
False
Is 164278607651 a composite number?
False
Is 20179093219 composite?
True
Is 385949881 prime?
True
Is 10569340055 composite?
True
Is 15257829077 composite?
False
Is 100506773 a prime number?
True
Is 2642902126 a composite number?
True
Is 139992241 composite?
False
Is 5540889745 composite?
True
Is 7531344883 composite?
True
Is 434065337 a prime number?
True
Is 49642531 prime?
True
Is 57911534941 a composite number?
True
Is 186802411 prime?
True
Is 93624488047 a composite number?
False
Is 91817953 composite?
True
Is 23062216885 a composite number?
True
Is 235355248019 a composite number?
False
Is 51805789901 composite?
False
Is 14182871851 prime?
False
Is 3233514373 composite?
True
Is 1841837213 prime?
True
Is 246264407 prime?
False
Is 2384147995 composite?
True
Is 29036933615 a prime number?
False
Is 52712330507 prime?
False
Is 71589827 a prime number?
True
Is 104980071302 a composite number?
True
Is 701584411 a composite number?
True
Is 10629092111 prime?
False
Is 817488689 a prime number?
True
Is 19665350953 composite?
True
Is 244236821 prime?
True
Is 11495635001 a composite number?
False
Is 41612656381 composite?
True
Is 13537914547 composite?
False
Is 33178849393 prime?
False
Is 57783881 a composite number?
False
Is 514530977 a prime number?
True
Is 4637755541 prime?
True
Is 593158043 a prime number?
True
Is 484228123 a composite number?
False
Is 23460904267 prime?
True
Is 547516867 composite?
False
Is 14657776019 composite?
False
Is 3593529839 prime?
True
Is 11258308421 prime?
True
Is 660364493 prime?
False
Is 103665524773 a composite number?
True
Is 75373681 a prime number?
False
Is 50846408903 a composite number?
False
Is 22001343347 a composite number?
False
Is 27634124549 a prime number?
True
Is 10723828387 prime?
True
Is 7878879889 a composite number?
False
Is 181173869 a prime number?
False
Is 59330332397 prime?
False
Is 1266133721 prime?
True
Is 63054899345 a prime number?
False
Is 1150412878 composite?
True
Is 1758848573 composite?
False
Is 2878263757 a composite number?
False
Is 9486829169 prime?
False
Is 3420531443 a prime number?
False
Is 8483568923 prime?
True
Is 48161636099 a prime number?
True
Is 3450467633 composite?
True
Is 229847961121 prime?
True
Is 7698734957 prime?
False
Is 326322301 a prime number?
True
Is 3434995783 prime?
True
Is 27040560073 a prime number?
False
Is 16531294677 a composite number?
True
Is 843346393 composite?
True
Is 2285365469 a composite number?
True
Is 2261973023 a prime number?
False
Is 154770411 a prime number?
False
Is 1688616901 a prime number?
False
Is 9783794333 prime?
False
Is 14624772751 prime?
True
Is 6026455693 prime?
False
Is 3380797169 prime?
False
Is 921104341 composite?
False
Is 726804157 a prime number?
False
Is 1275006011 a prime number?
True
Is 58499839669 a composite number?
False
Is 2015285147 a composite number?
True
Is 9029487881 prime?
False
Is 10870070833 composite?
False
Is 1041643699 a composite number?
False
Is 601091731 a prime number?
False
Is 128278099 composite?
True
Is 15041146213 a prime number?
True
Is 1709944759 composite?
True
Is 2310533063 a composite number?
False
Is 1800822659 composite?
False
Is 653888891 composite?
False
Is 9022482319 a composite number?
False
Is 4185271693 a composite number?
False
Is 922383323 composite?
True
Is 450155749 prime?
False
Is 23213711317 prime?
True
Is 29471262281 prime?
True
Is 23276602411 prime?
True
Is 3929906623 a composite number?
False
Is 6120727 prime?
True
Is 2318560879 a composite number?
False
Is 1243681697 a composite number?
False
Is 170428028621 composite?
False
Is 240582269 composite?
False
Is 23219153483 prime?
False
Is 497041145 a prime number?
False
Is 1365029041 composite?
True
Is 90212861 prime?
False
Is 5